late the remainder when 1635 is divided by 26.
23
Calculate the remainder when 1100 is divided by 43.
25
What is the remainder when 1690 is divided by 47?
45
What is the remainder when 75 is divided by 23?
6
Calculate the remainder when 30 is divided by 16.
14
What is the remainder when 125 is divided by 36?
17
Calculate the remainder when 1472 is divided by 52.
16
What is the remainder when 17110 is divided by 7?
2
What is the remainder when 421 is divided by 33?
25
Calculate the remainder when 212 is divided by 18.
14
What is the remainder when 5432 is divided by 26?
24
What is the remainder when 196 is divided by 95?
6
What is the remainder when 943 is divided by 11?
8
Calculate the remainder when 222 is divided by 17.
1
Calculate the remainder when 459 is divided by 46.
45
What is the remainder when 172 is divided by 35?
32
Calculate the remainder when 418 is divided by 178.
62
Calculate the remainder when 1326 is divided by 35.
31
Calculate the remainder when 11 is divided by 8.
3
What is the remainder when 296 is divided by 16?
8
What is the remainder when 202 is divided by 45?
22
What is the remainder when 257 is divided by 116?
25
Calculate the remainder when 207 is divided by 54.
45
Calculate the remainder when 2009 is divided by 124.
25
What is the remainder when 61 is divided by 18?
7
What is the remainder when 627 is divided by 88?
11
Calculate the remainder when 16563 is divided by 8.
3
What is the remainder when 96 is divided by 34?
28
Calculate the remainder when 24 is divided by 7.
3
Calculate the remainder when 273 is divided by 87.
12
What is the remainder when 103 is divided by 36?
31
Calculate the remainder when 1064 is divided by 11.
8
What is the remainder when 69 is divided by 40?
29
What is the remainder when 1378 is divided by 137?
8
What is the remainder when 5184 is divided by 22?
14
What is the remainder when 118 is divided by 18?
10
What is the remainder when 366 is divided by 55?
36
Calculate the remainder when 1561 is divided by 17.
14
What is the remainder when 120 is divided by 76?
44
Calculate the remainder when 374 is divided by 21.
17
What is the remainder when 15 is divided by 7?
1
Calculate the remainder when 275 is divided by 6.
5
Calculate the remainder when 437 is divided by 59.
24
What is the remainder when 965 is divided by 94?
25
Calculate the remainder when 23988 is divided by 161.
160
Calculate the remainder when 635 is divided by 6.
5
Calculate the remainder when 128 is divided by 35.
23
Calculate the remainder when 149 is divided by 17.
13
Calculate the remainder when 886 is divided by 8.
6
Calculate the remainder when 69 is divided by 24.
21
Calculate the remainder when 48 is divided by 10.
8
What is the remainder when 297 is divided by 20?
17
Calculate the remainder when 66 is divided by 14.
10
What is the remainder when 280 is divided by 7?
0
Calculate the remainder when 667 is divided by 67.
64
What is the remainder when 112 is divided by 38?
36
Calculate the remainder when 56 is divided by 22.
12
Calculate the remainder when 90 is divided by 13.
12
Calculate the remainder when 3204 is divided by 71.
9
What is the remainder when 84 is divided by 13?
6
Calculate the remainder when 513 is divided by 85.
3
What is the remainder when 2998 is divided by 46?
8
Calculate the remainder when 59 is divided by 6.
5
What is the remainder when 249 is divided by 10?
9
Calculate the remainder when 388 is divided by 124.
16
What is the remainder when 115 is divided by 93?
22
What is the remainder when 529 is divided by 28?
25
What is the remainder when 424 is divided by 410?
14
What is the remainder when 21 is divided by 12?
9
What is the remainder when 188 is divided by 29?
14
What is the remainder when 881 is divided by 21?
20
What is the remainder when 210 is divided by 102?
6
What is the remainder when 1761 is divided by 250?
11
Calculate the remainder when 42 is divided by 12.
6
What is the remainder when 258 is divided by 29?
26
Calculate the remainder when 1593 is divided by 60.
33
What is the remainder when 455 is divided by 12?
11
Calculate the remainder when 530 is divided by 41.
38
Calculate the remainder when 325 is divided by 124.
77
What is the remainder when 434 is divided by 20?
14
Calculate the remainder when 185 is divided by 83.
19
What is the remainder when 1332 is divided by 24?
12
Calculate the remainder when 50 is divided by 4.
2
What is the remainder when 877 is divided by 73?
1
Calculate the remainder when 854 is divided by 57.
56
Calculate the remainder when 170 is divided by 21.
2
What is the remainder when 1344 is divided by 64?
0
Calculate the remainder when 3407 is divided by 12.
11
What is the remainder when 333 is divided by 130?
73
What is the remainder when 86 is divided by 19?
10
What is the remainder when 2459 is divided by 1226?
7
Calculate the remainder when 1709 is divided by 18.
17
What is the remainder when 27186 is divided by 171?
168
Calculate the remainder when 44 is divided by 32.
12
What is the remainder when 45 is divided by 4?
1
What is the remainder when 26 is divided by 9?
8
What is the remainder when 88 is divided by 9?
7
What is the remainder when 3904 is divided by 115?
109
Calculate the remainder when 206 is divided by 67.
5
What is the remainder when 427 is divided by 107?
106
What is the remainder when 88 is divided by 12?
4
What is the remainder when 234 is divided by 88?
58
Calculate the remainder when 83 is divided by 22.
17
What is the remainder when 72 is divided by 14?
2
Calculate the remainder when 93 is divided by 17.
8
Calculate the remainder when 13712 is divided by 18.
14
Calculate the remainder when 230 is divided by 47.
42
Calculate the remainder when 1229 is divided by 111.
8
Calculate the remainder when 74 is divided by 20.
14
What is the remainder when 6046 is divided by 6?
4
What is the remainder when 92 is divided by 1?
0
Calculate the remainder when 1211 is divided by 274.
115
What is the remainder when 29 is divided by 17?
12
What is the remainder when 959 is divided by 30?
29
Calculate the remainder when 208 is divided by 168.
40
Calculate the remainder when 1016 is divided by 102.
98
What is the remainder when 4224 is divided by 1405?
9
Calculate the remainder when 2877 is divided by 570.
27
Calculate the remainder when 752 is divided by 59.
44
What is the remainder when 42 is divided by 11?
9
Calculate the remainder when 1903 is divided by 17.
16
Calculate the remainder when 2747 is divided by 110.
107
Calculate the remainder when 53 is divided by 19.
15
What is the remainder when 1867 is divided by 34?
31
Calculate the remainder when 823 is divided by 8.
7
Calculate the remainder when 1011 is divided by 143.
10
Calculate the remainder when 672 is divided by 52.
48
What is the remainder when 131 is divided by 59?
13
What is the remainder when 7991 is divided by 65?
61
What is the remainder when 873 is divided by 35?
33
What is the remainder when 1439 is divided by 40?
39
What is the remainder when 92 is divided by 6?
2
Calculate the remainder when 449 is divided by 10.
9
What is the remainder when 264 is divided by 47?
29
Calculate the remainder when 83 is divided by 22.
17
Calculate the remainder when 850 is divided by 61.
57
Calculate the remainder when 223 is divided by 12.
7
Calculate the remainder when 176 is divided by 99.
77
Calculate the remainder when 776 is divided by 37.
36
What is the remainder when 1941 is divided by 81?
78
What is the remainder when 611 is divided by 158?
137
Calculate the remainder when 318 is divided by 32.
30
What is the remainder when 956 is divided by 10?
6
Calculate the remainder when 532 is divided by 71.
35
What is the remainder when 323 is divided by 138?
47
Calculate the remainder when 103 is divided by 58.
45
Calculate the remainder when 426 is divided by 39.
36
Calculate the remainder when 2538 is divided by 227.
41
What is the remainder when 6254 is divided by 285?
269
What is the remainder when 223 is divided by 13?
2
What is the remainder when 297 is divided by 91?
24
Calculate the remainder when 175 is divided by 84.
7
What is the remainder when 2508 is divided by 50?
8
Calculate the remainder when 416 is divided by 17.
8
What is the remainder when 149 is divided by 23?
11
What i